q/27*(-66)/(-4)?
4
Let l = -4175 + 6474. What is the units digit of l?
9
Suppose 15 = -q + 44. Let o = -52 + q. Let j = -19 - o. What is the units digit of j?
4
Let n be 116/29*6/(-4). What is the units digit of (-1190)/(-75) + n/225*-5?
6
Let j = -5216 - -10249. What is the hundreds digit of j?
0
Let o be ((-3)/6)/((-5)/40). Suppose -3*x - 4*n + 55 = n, o*n - 56 = -3*x. What is the tens digit of x?
2
Let k(z) = -50*z - 414. What is the units digit of k(-44)?
6
Let p(j) = 9*j**2 - 4*j - 9. Let y be 4*(4 + 76/(-16)). What is the units digit of p(y)?
4
Let l be (75/(-20))/((-2)/248). What is the tens digit of 15/(-10) - l/(-6)?
7
Let f be 0 + (-3)/(12/(-44)). Let c = f + 74. Let m = -51 + c. What is the tens digit of m?
3
Let l be (-5 + (-23)/(-3))*-426. What is the units digit of (l/(-12))/((-3)/(27/(-6)))?
2
Suppose 0 = 5*i - 1272 - 1573. What is the units digit of i?
9
Suppose 3*t - 8*t - 215 = 0. Suppose -22 = 3*m + o + 15, 2*o = -4*m - 46. Let w = m - t. What is the units digit of w?
9
Let q(d) = 462 - 466 - 8*d - 2*d + 3*d**2. What is the units digit of q(7)?
3
Suppose -2*b + 709 = 2*r + 3*r, b = -3*r + 425. Suppose -2*o = -3*o + r. Suppose 0 = 3*d - o - 87. What is the tens digit of d?
7
Let s(z) = z**3 - 6*z**2 - z - 14. Let m be s(7). Suppose 24*j + 128 = m*j. What is the units digit of j?
2
Let n(w) = -w**2 - 8*w - 9. Let u be n(-6). Suppose 5 = -4*y + u*y. Let i = 37 + y. What is the units digit of i?
2
Suppose 4977 = 46*x - 8961. What is the hundreds digit of x?
3
Suppose 4*y = 20, 5*m + 4*y + 3 + 7 = 0. Let o = 18 + m. What is the units digit of o/30 + 266/10?
7
Suppose -5*p + 49 = -31. Let a(c) = -c**3 + 18*c**2 - 13*c - 23. What is the tens digit of a(p)?
8
Let s(z) = 511*z + 598. What is the units digit of s(8)?
6
Suppose 2*w + 304 = -2*w. Suppose 17*s = 824 + 978. Let g = s + w. What is the units digit of g?
0
Suppose 0 = -10*t + 2481 - 1. What is the hundreds digit of t?
2
Suppose -3*q = -3*o - 273, q - 69 - 18 = -3*o. Let i = q + -11. What is the tens digit of i?
7
Suppose 4*o = -a + 812, -3*a = a - 2*o - 3176. What is the units digit of a?
6
Suppose -2*n - n + 289 = 4*h, -98 = -n - 3*h. What is the tens digit of n?
9
Let s = -10 + 10. Suppose 192 = -5*m - 3*v, 5*m - 5*v + 42 + 118 = s. Let c = m + 55. What is the tens digit of c?
1
Let b(n) = -57*n**3 + n**2 + 3*n + 1. Let z be b(-1). Let r = 83 - z. What is the tens digit of r?
2
Let d(j) = j**3 - 30*j**2 + 9*j + 99. What is the hundreds digit of d(30)?
3
Let g = -11 - -1397. What is the hundreds digit of g?
3
Let y(j) = 7*j**2 - j + 4. Let x(s) = 1. Let a(f) = -4*x(f) + y(f). What is the units digit of a(2)?
6
Let b = 459 + -419. What is the tens digit of b?
4
Suppose -11275 = -303*m + 298*m + 5*v, -6786 = -3*m - 4*v. What is the tens digit of m?
5
Suppose -2*z + y = -2*y - 13, 5*y + 11 = 2*z. Let l(t) = 6*t - 1. Let b be l(2). Suppose d - z = b. What is the tens digit of d?
1
Let g be (-108)/(-15)*(-15)/2. Let c = 10 + g. What is the units digit of c/10*(-4 - 1)?
2
Let f be ((-2)/4)/((-2)/24). Suppose b = -5*a + f*b + 70, 3*b - 42 = -4*a. What is the units digit of (-58)/(a/4 + -4)?
8
Suppose -8 - 4 = -4*l. Suppose -2*n - l*g = -4*g - 228, -3*n = 3*g - 360. Suppose -n = -5*h + 3*h. What is the units digit of h?
8
Let a(u) = 2*u - 4. Let v be a(7). Suppose w + 5*y + v = 0, y + 4 = 4*w + 2. Suppose w*x - x = -3. What is the units digit of x?
3
Let x be (2/(-8))/((-7)/308). Let c be -3 - ((-4)/2 + x). Let i = -9 - c. What is the units digit of i?
3
Let b(p) = p**3 + 8*p**2 + 8*p - 2. Let f be b(-7). Let n = 21 + f. What is the tens digit of n?
1
Let p be -15*(0/(-1) - 4/12). Suppose -5*l + 277 = n, 3*n - 44 = -5*l + 227. Suppose -3*u = -5*d - 0*d + l, -p*u + 67 = 4*d. What is the tens digit of d?
1
Let h = 19 - -77. Suppose h = -3*m + 6*m. Suppose 4*n - 5*k - 32 = 0, -4*n - 3*k = -0*k - m. What is the units digit of n?
8
Let t = 1374 + -573. What is the tens digit of t?
0
Let p(v) = 5*v - 2*v - 8 + 5*v. What is the tens digit of p(10)?
7
Let p = 0 + 3. Suppose -2*k = -4*j - 5*k - 408, 0 = -4*j + 4*k - 408. What is the tens digit of p/5 - j/5?
2
Let z = 10 - 1. Let f(g) = 7*g**2 - 11*g + 20. Let b be f(z). Suppose 19 = -7*u + b. What is the tens digit of u?
6
Let t be (-6)/(-14) - 336/98. What is the units digit of t/5 + 6707/95?
0
Suppose 0 = -10*q - q + 4070. Let r = -211 + q. What is the tens digit of r?
5
Let y(b) = b**3 + 7*b**2 - 2*b - 9. Let o be y(-7). Suppose -26 = o*g + 4. What is the units digit of (g/5)/((-15)/100)?
8
Let q be 2*-1*11/(-2). Suppose 5*p + 60 = 3*n + n, 0 = -2*p - 8. Let t = q - n. What is the units digit of t?
1
Let v = -1066 + 2093. What is the hundreds digit of v?
0
Let f(c) = 18*c**2 + c - 2. Let t be 4/3 + -1 + (-2)/(-3). What is the tens digit of f(t)?
1
Suppose -276 = -5*o + 2314. Suppose -6*d + 10 = -o. What is the tens digit of d?
8
Let v = 659 - -218. What is the tens digit of v?
7
Suppose 0 = -5*s + 19 - 4. Suppose s*i = -3*i + 24. What is the units digit of (-5)/(-4) + i/(-16)?
1
Suppose 14*v + 3261 - 28167 = 0. What is the hundreds digit of v?
7
Let u = 100 + -116. Let a = u + 99. What is the tens digit of a?
8
Let h(l) = -l**3 + 15*l**2 + 4*l - 21. Let x(k) = k**3 - 14*k**2 - 4*k + 21. Let i(g) = 4*h(g) + 5*x(g). What is the units digit of i(11)?
8
Let n = 359 - 79. What is the hundreds digit of n?
2
Let d(p) = 9*p - 58. Let a(t) = -10*t + 57. Let s(v) = -5*a(v) - 6*d(v). What is the tens digit of s(0)?
6
Let s = 57 + 125. What is the tens digit of s?
8
What is the thousands digit of 65 + -52 + 5*958?
4
Let d = 274 - 148. Let k = -13 + d. What is the units digit of k?
3
Let v(b) = 20*b**2 + 3*b + 22*b**2 - b**3 - 47*b**2. What is the tens digit of v(-6)?
1
What is the units digit of (24/(-21))/(3/(-105))?
0
Suppose 4*z = -z. Suppose 0 = -z*x - 5*x - 280. Let o = x - -78. What is the tens digit of o?
2
Let n be -4 + (5715/(-33) - 8/(-44)). Let a = n - -288. What is the tens digit of a?
1
Let t(k) = 5*k - 62. Let j be t(13). Suppose 0 = -5*c + 7 + 33. Let s = j + c. What is the units digit of s?
1
Let y = -12 + 14. Let m be (1/(-4))/(y/(-1256)). Let g = m - 95. What is the tens digit of g?
6
Suppose 5*y = -0*g + 4*g - 24, 0 = 4*g + 4*y - 24. Let m(t) be the first derivative of t**4/4 - 7*t**3/3 + 9*t**2/2 - 6*t - 9. What is the units digit of m(g)?
2
Let k(b) = -b**3 + 7*b**2 + 2. Let a be k(7). Suppose -a*h + 33 = -41. What is the units digit of h?
7
Let a(g) = -355*g + 2. Let c be a(-2). Suppose -o + c = 3*o. Suppose -2*v - 2*m + o = v, 0 = -2*v - m + 118. What is the units digit of v?
8
Suppose -d = 2, 0*d = -y + 3*d + 9. Let a(b) = b**3 + b**2 - 1. What is the tens digit of a(y)?
3
Let h = 2887 + -1566. What is the units digit of h?
1
Let w be 64/10 - (-2)/(-5). Suppose -f = -w*f. Suppose -3*j = -f*j - 12. What is the units digit of j?
4
Let x be ((-2)/4)/(34/(-8) + 4). What is the units digit of 143/x + 6/12?
2
Suppose -8*o + 12 = -2*o. Suppose 20 = -4*y, -3*y + 5*y + 72 = o*w. What is the units digit of w?
1
Let i(t) = 218*t**2 - 2*t - 2. Let z be i(-1). Suppose 6*f - z - 478 = 0. What is the units digit of f?
6
Let j = -11 - -13. Suppose -i - 8 = -5*p, 0*i + i + j*p - 20 = 0. What is the units digit of i?
2
Let x(b) = b**3 - 2*b**2 + 6*b - 16. What is the hundreds digit of x(8)?
4
Let h = 236 - -1504. What is the units digit of h?
0
Suppose 2*z + 5 = 1. Let u(x) = 2*x - 26. Let o be u(11). What is the units digit of (-45)/z - o/(-8)?
2
Suppose 0 = 5*m - 6575 + 1305. What is the thousands digit of m?
1
Suppose 0 = r - b, 40 = 4*r + 3*b + 5. Suppose x + 29 = 3*o - 2*o, -r*x = -25. Let u = o + -33. What is the units digit of u?
1
Suppose -3*i - 9 = 0, 2*i = -3*g - 0*i - 15. What is the units digit of 4/12 - 8/g?
3
Let g = -77 + 81. Suppose 5*v = -g*h + 7*v + 588, 2*h + v - 290 = 0. What is the units digit of h?
6
Suppose -5*o = -r + 33, -3*o + 4*o - 22 = -2*r. Let z = r + -7. Suppose -z*k = -2*k - 76. What is the tens digit of k?
1
Let s be 115 - 1 - (-7 + 7). Suppose -s - 32 = -h. What is the tens digit of h?
4
Let w(i) = -50*i - 4. Suppose -4*s - 15 = 3*z - s, 11 = -z - 4*s. What is the tens digit of w(z)?
4
Let g = -358 - -415. What is the tens digit of g?
5
Let q = -40 - -79. Suppose 0 = -i - 9 + q. What is the tens digit of 